s of 193495?
5, 38699
What are the prime factors of 79530?
2, 3, 5, 11, 241
List the prime factors of 181831.
13, 71, 197
What are the prime factors of 117582?
2, 3, 19597
What are the prime factors of 285767?
285767
What are the prime factors of 7054856?
2, 31, 28447
List the prime factors of 38345.
5, 7669
List the prime factors of 690852.
2, 3, 57571
What are the prime factors of 941668?
2, 7, 13, 199
What are the prime factors of 21972320?
2, 5, 89, 1543
List the prime factors of 57866.
2, 28933
What are the prime factors of 938614?
2, 29, 16183
What are the prime factors of 6655515?
3, 5, 443701
List the prime factors of 48293.
7, 6899
List the prime factors of 2783006.
2, 19, 73237
What are the prime factors of 658726?
2, 317, 1039
List the prime factors of 5797963.
2161, 2683
List the prime factors of 15120716.
2, 13, 29, 37, 271
What are the prime factors of 3253543?
31, 104953
List the prime factors of 705376.
2, 7, 47, 67
What are the prime factors of 288244?
2, 11, 6551
List the prime factors of 210100.
2, 5, 11, 191
What are the prime factors of 10040709?
3, 7, 478129
List the prime factors of 3451451.
313, 11027
List the prime factors of 142262.
2, 83, 857
What are the prime factors of 1748771?
971, 1801
What are the prime factors of 17030857?
2441, 6977
What are the prime factors of 174700?
2, 5, 1747
What are the prime factors of 1879652?
2, 23, 20431
What are the prime factors of 421649?
557, 757
List the prime factors of 269466.
2, 3, 97, 463
What are the prime factors of 260919?
3, 53, 547
List the prime factors of 583215.
3, 5, 59, 659
List the prime factors of 1400746.
2, 23, 37, 823
What are the prime factors of 5232765?
3, 5, 348851
List the prime factors of 4902351.
3, 1634117
List the prime factors of 4670443.
107, 43649
What are the prime factors of 384554?
2, 47, 4091
What are the prime factors of 138478?
2, 69239
What are the prime factors of 88931?
113, 787
List the prime factors of 2561860.
2, 5, 7, 29, 631
List the prime factors of 59648.
2, 233
List the prime factors of 829637.
829637
List the prime factors of 214726.
2, 101, 1063
What are the prime factors of 10490358?
2, 3, 1279, 1367
List the prime factors of 692063.
692063
List the prime factors of 1445763.
3, 11, 193, 227
What are the prime factors of 3689750?
2, 5, 14759
What are the prime factors of 8723974?
2, 7, 383, 1627
List the prime factors of 101106.
2, 3, 41, 137
List the prime factors of 318432.
2, 3, 31, 107
What are the prime factors of 9125914?
2, 7, 71, 9181
What are the prime factors of 11915817?
3, 23, 59, 2927
What are the prime factors of 65318?
2, 11, 2969
List the prime factors of 1088760.
2, 3, 5, 43, 211
List the prime factors of 2533620.
2, 3, 5, 42227
What are the prime factors of 1206952?
2, 150869
What are the prime factors of 20803543?
20803543
List the prime factors of 15945139.
7, 325411
What are the prime factors of 15560977?
31, 501967
List the prime factors of 3781783.
31, 121993
List the prime factors of 204936.
2, 3, 8539
List the prime factors of 15437383.
13, 73, 16267
What are the prime factors of 250735?
5, 50147
What are the prime factors of 1047430?
2, 5, 104743
List the prime factors of 8163223.
41, 199103
What are the prime factors of 8163439?
311, 26249
What are the prime factors of 80392?
2, 13, 773
What are the prime factors of 23003?
23003
List the prime factors of 2477576.
2, 61, 5077
List the prime factors of 113691.
3, 37897
List the prime factors of 209474.
2, 17, 61, 101
What are the prime factors of 10119288?
2, 3, 47, 8971
List the prime factors of 4209391.
23, 397, 461
What are the prime factors of 7598697?
3, 2532899
What are the prime factors of 994536?
2, 3, 19, 727
What are the prime factors of 5552481?
3, 11, 113, 1489
List the prime factors of 2450551.
2450551
What are the prime factors of 160843?
41, 3923
List the prime factors of 2244249.
3, 7, 727
List the prime factors of 645718.
2, 322859
What are the prime factors of 6503925?
3, 5, 86719
List the prime factors of 3613030.
2, 5, 61, 5923
What are the prime factors of 15909511?
151, 105361
List the prime factors of 1373992.
2, 41, 59, 71
List the prime factors of 130974.
2, 3, 83, 263
List the prime factors of 12972391.
23, 564017
What are the prime factors of 76610?
2, 5, 47, 163
List the prime factors of 678906.
2, 3, 37717
List the prime factors of 1076617.
1076617
List the prime factors of 2170837.
31, 239, 293
What are the prime factors of 567472?
2, 29, 1223
What are the prime factors of 311464?
2, 38933
What are the prime factors of 127084?
2, 31771
What are the prime factors of 29642319?
3, 7, 470513
List the prime factors of 2847022.
2, 1423511
List the prime factors of 7707969.
3, 856441
List the prime factors of 1466623.
61, 24043
List the prime factors of 6716278.
2, 463, 7253
List the prime factors of 17991054.
2, 3, 191, 5233
What are the prime factors of 64424?
2, 8053
What are the prime factors of 8796309?
3, 29, 101107
What are the prime factors of 486995?
5, 173, 563
List the prime factors of 4953906.
2, 3, 199, 461
List the prime factors of 6542646.
2, 3, 11, 99131
What are the prime factors of 8173411?
37, 220903
What are the prime factors of 1289545?
5, 73, 3533
What are the prime factors of 2819199?
3, 719, 1307
List the prime factors of 15578296.
2, 1947287
List the prime factors of 410493.
3, 293, 467
What are the prime factors of 543139?
543139
What are the prime factors of 9998561?
9998561
What are the prime factors of 34631894?
2, 11, 143107
What are the prime factors of 2966845?
5, 7, 29, 37, 79
List the prime factors of 402033.
3, 17, 7883
List the prime factors of 59930.
2, 5, 13, 461
What are the prime factors of 1203436?
2, 13, 23143
List the prime factors of 59238.
2, 3, 1097
List the prime factors of 10306058.
2, 7, 736147
What are the prime factors of 279489?
3, 7, 13309
List the prime factors of 1008617.
1008617
What are the prime factors of 230180?
2, 5, 17, 677
List the prime factors of 2628834.
2, 3, 13, 33703
List the prime factors of 7888915.
5, 67, 23549
List the prime factors of 6023990.
2, 5, 7, 47, 1831
What are the prime factors of 257784?
2, 3, 23, 467
What are the prime factors of 1333093?
31, 43003
What are the prime factors of 479400?
2, 3, 5, 17, 47
What are the prime factors of 26599203?
3, 17, 173851
List the prime factors of 4227239.
23, 61, 131
List the prime factors of 427865.
5, 83, 1031
List the prime factors of 9275654.
2, 4637827
List the prime factors of 992902.
2, 17, 19, 29, 53
List the prime factors of 179127.
3, 13, 1531
What are the prime factors of 4542510?
2, 3, 5, 7, 97, 223
What are the prime factors of 1173400?
2, 5, 5867
What are the prime factors of 598894?
2, 299447
What are the prime factors of 745139?
283, 2633
What are the prime factors of 28566107?
28566107
List the prime factors of 876367.
17, 51551
List the prime factors of 194189.
23, 8443
List the prime factors of 17061046.
2, 8530523
What are the prime factors of 2778694?
2, 1389347
What are the prime factors of 12904?
2, 1613
List the prime factors of 4342945.
5, 31, 28019
What are the prime factors of 142708?
2, 35677
List the prime factors of 24155.
5, 4831
List the prime factors of 1377189.
3, 11, 4637
List the prime factors of 714130.
2, 5, 71413
List the prime factors of 2024303.
397, 5099
What are the prime factors of 9451725?
3, 5, 126023
What are the prime factors of 826387?
17, 48611
List the prime factors of 21380.
2, 5, 1069
List the prime factors of 418854.
2, 3, 69809
List the prime factors of 6782.
2, 3391
List the prime factors of 316975.
5, 31, 409
What are the prime factors of 413834?
2, 206917
List the prime factors of 1208659.
31, 127, 307
List the prime factors of 2076225.
3, 5, 19, 31, 47
List the prime factors of 172249.
7, 11, 2237
What are the prime factors of 497416?
2, 97, 641
What are the prime factors of 384687?
3, 42743
What are the prime factors of 99113?
7, 14159
List the prime factors of 2458989.
3, 13, 21017
List the prime factors of 696682.
2, 7, 7109
List the prime factors of 470157.
3, 156719
List the prime factors of 40752.
2, 3, 283
List the prime factors of 401372.
2, 100343
List the prime factors of 74207.
7, 10601
List the prime factors of 18979.
18979
List the prime